18 = 9*j - 3*j. Suppose 2*c = 5*z - 905, 0 = -z - j*c - 2*c + 181. What is the remainder when z is divided by 26?
25
Suppose -29*g + 32*g - 118 = -2*r, 0 = 4*g. What is the remainder when 63 is divided by r?
4
Let r = -3718 + 3987. What is the remainder when 1069 is divided by r?
262
Let g(p) = 120*p**2 - 4*p + 4. Let o be g(1). Let v = 188 - o. Let i = 18 + 5. Calculate the remainder when v is divided by i.
22
Let t(v) = 4*v**2 + 62*v + 23. What is the remainder when (374/(-51))/((-2)/30) is divided by t(-16)?
0
What is the remainder when (-691)/4*(-680)/85 + -8 is divided by 172?
170
Let a(x) = -x**3 - 48*x**2 - 498*x - 16. What is the remainder when 1986 is divided by a(-11)?
16
What is the remainder when (-52)/8*(-142 - 34) is divided by 70?
24
Let x = 52 + -32. Let j = x - 18. Suppose 0 = 3*y + 12, j*y = -5*d + 54 + 113. What is the remainder when 68 is divided by d?
33
Let b = -4213 - -4285. What is the remainder when 1871 is divided by b?
71
Let f(b) = -3 - 14*b - 28 + 1 + 11*b**2. What is the remainder when 585 is divided by f(-2)?
39
Suppose -4*f - 539 = -3*w, 29*f - 27*f + 360 = 2*w. Let o = 27 + 10. What is the remainder when w is divided by o?
33
Suppose 8*g + 5*b = 2671, -887 - 149 = -3*g + 5*b. What is the remainder when g is divided by 81?
13
Let k be (15/(-20) - 1)/((-1)/(-196)). Let h = -206 - k. Calculate the remainder when h is divided by 29.
21
Suppose -19*r = -20*r + l + 2, 0 = -4*l + 4. Let n(p) = p**3 - 6*p**2 + 21*p - 1. What is the remainder when 97 is divided by n(r)?
27
Let w be (0 - (-3)/9)/((-1)/(-9)). Suppose -99 = -4*u - 3*b, -4*b + 5*b = -w. Calculate the remainder when 102 is divided by u.
21
Let c = 1526 - 1084. Let z = c - 401. What is the remainder when 55 is divided by z?
14
Let r(o) = 17*o + 56. Let w be r(-7). Let s = w + 90. What is the remainder when 102 is divided by s?
21
Suppose 0 = -2*z + 3*a + 3435, -10*z + 5*a = -5*z - 8575. What is the remainder when (z/9 - 6) + -1 is divided by 84?
15
Suppose 3*w + 331 = -3*i + 10, -2*i = -2*w + 198. Let h = i + 178. Let c = -197 - -216. Calculate the remainder when h is divided by c.
18
Let c(a) = -4*a**2 - 140*a - 1113. Let j = -4 - -5. Calculate the remainder when c(-20) is divided by j.
0
Let r = -289 - -292. What is the remainder when (-10 - 0)*3/6*-7 is divided by r?
2
Let c = 44311 - 41346. What is the remainder when c is divided by 983?
16
Let o(k) = -k**3 + 17*k**2 - 17*k + 56. Let c be o(9). Suppose -c*q = -547*q - 264. Calculate the remainder when 525 is divided by q.
63
Suppose 3*t - 101 - 61 = -5*r, -3*t + 5*r = -162. Calculate the remainder when t is divided by 46.
8
Suppose 11*p = 9*p + 45*p - 6794. What is the remainder when 785 is divided by p?
153
Let p(f) = 88*f - 7201. Calculate the remainder when p(173) is divided by 236.
235
Suppose 0 = 5*i - 16 + 1. Let t = -350 + 492. Suppose -3*l + 3 = 0, -4*f - i*l - t = -9*f. What is the remainder when 57 is divided by f?
28
Suppose -403 = -4*u + z, u + 2*z - 67 = 27. Let p = -85 + u. Calculate the remainder when (19/(-2))/((p/18)/(-5)) is divided by 20.
17
Suppose -4*n + 4 = 3*w + w, 3*w - 2*n = -2. Suppose w = 3*d - 1021 + 91. What is the remainder when d is divided by 8?
6
Suppose -22*d + d + 2814 = 0. Calculate the remainder when d is divided by 127.
7
Let b = 136 - 80. Suppose 31 - b = -o. Let g = o - -57. Calculate the remainder when g is divided by 42.
40
Suppose -3*s + 2*z + 22 = s, -5*s = z - 17. Let h = 5129 - 5101. Calculate the remainder when h is divided by s.
0
Let l = 2 - 3. Let c be 72/(-60)*(-55)/2. Let q = c + l. What is the remainder when q is divided by 7?
4
Let u = 11394 - 11392. Suppose -m + 6 = 4*r, -2*r = -4*m + 2*r + 24. Suppose u*q - m*q = -40. Calculate the remainder when 38 is divided by q.
8
What is the remainder when 10/15 - 103460/(-105) is divided by 141?
140
Let t(b) = 123*b**2 - 288*b + 890. Calculate the remainder when t(3) is divided by 102.
11
Calculate the remainder when 2 - 1734/(-21) - 6/(-14) is divided by (-7)/42*9*(1 + -3).
1
Let l = -11923 - -11934. Calculate the remainder when (-2 - 6)*46/(-4) is divided by l.
4
Let z = 31 + -29. Let r be ((-8 - -3) + z - -3)/2. What is the remainder when 35 - r*(-3)/6 is divided by 19?
16
Suppose 0 = 2*x + 2*a - 52, 5*a = -4*x + 49 + 60. Let i(d) = -d + 34. What is the remainder when (6 - 3 - 37)*-3 is divided by i(x)?
11
Calculate the remainder when 82 is divided by 38 + (-5)/(-25) + (-104)/20.
16
Suppose 21*l + 5420 + 5521 = 0. Let p = 547 + l. Calculate the remainder when 280 is divided by p.
20
Suppose 0 = 2*r - 7 - 25. Let v = r - 13. Suppose -2*c + v*b - 6*b = -12, 25 = 3*c + b. Calculate the remainder when 47 is divided by c.
2
What is the remainder when -8 - (-222)/30 - 5556/(-10) is divided by 555?
0
Let y(t) = 2*t**3 - 197*t**2 + 294*t - 219. What is the remainder when 719 is divided by y(97)?
71
Suppose -287*t + 282*t = 4*x - 9467, -4*t + 7567 = x. Calculate the remainder when t is divided by 172.
171
Suppose 5*f - 579 = -3*j, -j = 2*f + 2*j - 228. Let o = f + -72. Suppose 11 = 3*n - 7. Calculate the remainder when o is divided by n.
3
Suppose 93*o = 89*o + 8. Suppose -10 = 5*v, -o*c = -4*c + v + 26. What is the remainder when 20 is divided by c?
8
Suppose 999*l - 1004*l = -5*r + 1575, 4*l = -r + 250. What is the remainder when r is divided by (-534)/(-7) + (-6)/21?
74
Suppose -130 = -4*j - 2*n - 3*n, 3*j = -5*n + 95. Let l = 461 - 270. Let i = 215 - l. Calculate the remainder when j is divided by i.
11
Suppose x + 4*j - 16 = 0, 4*x + 3*j - 40 = 24. Suppose -q = -x - 1. Let z = -66 + 116. Calculate the remainder when z is divided by q.
16
Let m(p) = -p**2 + 19*p - 3. Let q be (4*3)/((30/28)/5). Let o = q + -38. What is the remainder when 58 is divided by m(o)?
13
Suppose -5*q + 12231 = -4*j, -862*q = -863*q + j + 2446. Calculate the remainder when q is divided by 50.
47
Suppose 4*u + 89 = 29. Let h(y) = y**3 + 14*y**2 - 15*y - 4. Let c be h(u). What is the remainder when 95 is divided by (c + 40/12)*(-22 + -2)?
15
Let g be (-1 - -1) + 0*2/(-4). Suppose -v + 109 = -g*v. Let q = v - 40. What is the remainder when q is divided by 35?
34
Let u(i) = -5*i**3 - 26*i**2 + 27*i + 28. Calculate the remainder when u(-10) is divided by 36.
34
Calculate the remainder when 8 + 0 + 527 - (1 + 1 + 1) is divided by 182.
168
Let w be (19 - 14) + -2 + 9/(-3). Suppose w = 58*p - 7*p - 1734. What is the remainder when 237 is divided by p?
33
Suppose 4*o = 3*s - 8*s + 26, 2*o - 4 = 2*s. Suppose 3*v + h = 97, -4*v + 2*v - 2*h = -66. Calculate the remainder when v is divided by (5 - (-19 + s))*2/4.
10
Suppose -d - 950 = 9*d. Let s = 129 + d. What is the remainder when 65 is divided by s?
31
Suppose 4*l = l - 2*x - 18, 5*l + 4*x + 28 = 0. Let n(s) = 8*s + 7*s + 0*s**2 - 6 + 2*s**2. Calculate the remainder when n(l) is divided by 1.
0
Let k(h) = 2*h**3 + h**2 - 3*h + 26. Suppose 0 = -5*o + 2*y + 10 + 9, 2*y + 7 = o. What is the remainder when k(o) is divided by 42?
38
Suppose 0 = 243*j - 241*j - 12. Suppose 10*c - 114 = j. What is the remainder when 23 is divided by c?
11
Let j(s) = s**2 + 20*s - 4064. What is the remainder when 5062 is divided by j(-75)?
60
Let f = -12 + 7. Let o = 63 + f. Let n = o + -33. Calculate the remainder when n is divided by 7.
4
Let b(p) = -9*p + 171. Let j be b(8). Let a = 157 - j. What is the remainder when a is divided by 12?
10
Suppose 3972 + 7390 = 437*d. Suppose 3*g + 222 = 6*g. Calculate the remainder when g is divided by d.
22
Let y = -35 + 31. Let a be 3 + 11/y - 43/(-4). Suppose 104 = a*b - 193. Calculate the remainder when b is divided by 15.
12
Let k be 8/6*162/4. Let q = -37 + k. Suppose -v + q = p, -2*v - 3*v + p + 73 = 0. Calculate the remainder when 26 is divided by v.
11
Let j(f) = 92*f - 12203. What is the remainder when 3994 is divided by j(137)?
385
Suppose -5*q = 2*w - 16, -w = -2*w - 2. Let v = q - 3. Let t = 20362 + -20355. What is the remainder when t is divided by v?
0
Suppose -392 = -4*v - 4*d, -4*v - 3*d = 2*d - 392. Calculate the remainder when v is divided by 35.
28
Let u(x) = 10*x - 67. Let m be u(8). Let j = m - 67. Let n = 141 + j. What is the remainder when n is divided by 9?
6
Let p be ((-9)/(-6))/(36/(-96)). What is the remainder when 5 is divided by 32/12 - (p/6)/(-1)?
1